6*i - 2329 = i + 3*f. List the prime factors of i.
467
List the prime factors of 6/(-27) - (-41216)/63.
2, 3, 109
Let t(l) = 17*l - 84. Let w(j) = 2*j - 1. Let y(f) = t(f) - 5*w(f). List the prime factors of y(20).
61
What are the prime factors of -2*(-6)/(-84) - (-1408)/7?
3, 67
Suppose 10 = -2*j, -2*j + 966 = 17*d - 15*d. List the prime factors of d.
2, 61
Let q = -6 - -2. Let u be (-3)/6 + (-30)/q. Let w(n) = n**2 - 5*n + 8. List the prime factors of w(u).
2, 11
Let p(r) be the second derivative of r**4/12 - 3*r**3 + 13*r**2/2 - 12*r. What are the prime factors of p(28)?
293
Let p(a) = -6*a**3 - 10*a**2 + 10*a + 17. Let g(v) = v**3 - 1. Let j(r) = -5*g(r) - p(r). List the prime factors of j(-9).
3, 53
Let y(d) = 4*d**3 + d**2 + 27*d - 13. What are the prime factors of y(5)?
647
Let u = -392 + 595. What are the prime factors of u?
7, 29
Let b(t) = -6*t**3 - 5*t**2 - 3*t - 3. Let v be b(-3). Suppose -4*m = -v - 41. Let y = 84 - m. List the prime factors of y.
43
List the prime factors of (-18561)/(-18) + (-35)/(-42).
2, 3, 43
Let p = -343 - -156. Let n = -128 - p. List the prime factors of n.
59
Let n(x) = 2*x + 9. Let l be (19 - 25)*(-1)/(-2). Let i be n(l). Suppose -i*r = -f + 19, -3*r = 2*f - 2*r - 31. What are the prime factors of f?
2
Let s(r) = -6*r**3 - 2*r**2 - 3*r + 18. What are the prime factors of s(-5)?
733
Suppose 2*c - 17 = -3. Let m(j) = -8*j + 12. Let o(f) = 3*f - 4. Let u(h) = c*o(h) + 2*m(h). List the prime factors of u(2).
2, 3
Let z = 15 - 15. Let o = z - 2. Let y(p) = -14*p + 1. What are the prime factors of y(o)?
29
Suppose 5*k + 2*c + 23 = -2*c, 2*k = 3*c. Let m be k*4/3*10. Let f = 64 + m. What are the prime factors of f?
2, 3
What are the prime factors of (-2)/6 + -141*55/(-45)?
2, 43
Suppose 0 = 26*m - 21*m - 240. Let x = 4 + -1. List the prime factors of x/(9/m) - -3.
19
Let r = 1891 - 1240. What are the prime factors of r?
3, 7, 31
Let n be (2 - -9)*(5 + -4). Let r(z) = z**3 - 12*z**2 + 3*z - 15. Let y be r(n). Let p = -49 - y. What are the prime factors of p?
2, 3
Suppose -v - 4*m + 2*m + 10 = 0, 0 = 2*v - 3*m + 8. Suppose v - 1 = x. Let p = 18 - x. List the prime factors of p.
17
Let l(g) = g**2 + g + 2. Let a be l(-1). Suppose p + 8 = a*p. Let q = p + -3. What are the prime factors of q?
5
Let g(b) be the first derivative of -b**3/3 - 7*b**2/2 + 3*b + 9. What are the prime factors of g(-6)?
3
Let k(r) = r**3 - 9*r**2 + r + 21. Let c be k(9). Let d = -9 + c. What are the prime factors of d?
3, 7
Let u(n) = 10*n**3 - 9*n**2 - 25*n + 33. What are the prime factors of u(7)?
3, 13, 73
Suppose -3*z = 2*s - 200, z - s + 3*s - 64 = 0. Let x = 152 - z. What are the prime factors of x?
2, 3, 7
Suppose 0 = -2*y - 6*y + 40. Suppose -2*p = 3*i - 94, 273 = y*p - i - i. List the prime factors of p.
53
Let x = 103 - -35. Let q = x + -31. What are the prime factors of q?
107
Let o(d) = -8 - 17*d + 6*d + 21*d + 2*d**2. Let b be o(-6). Suppose -6*c + 4*c + m = -27, -b*m - 75 = -5*c. List the prime factors of c.
11
Suppose -5*q + 4*i = 187, -146 = 8*q - 4*q - 2*i. What are the prime factors of (q/28)/((-2)/(-168))*-1?
3, 5, 7
Let i = 7 + 0. Suppose y - i = 2. Suppose -2*t - 19 = 3*o - 64, 0 = -3*t - y. What are the prime factors of o?
17
Suppose -h + 214 = -2*l, -l + 2 = 1. Suppose -126 = -9*c + h. What are the prime factors of c?
2, 19
Let l(z) = 2*z**3 + 6*z**2 + 4*z - 1. Let x be l(-4). Suppose 125 = 4*j - 247. Let r = j + x. List the prime factors of r.
2, 11
Let h be 4/(-6)*(-11 + 8). Suppose -2*a + z = 3*a - 1352, -5*z - 527 = -h*a. List the prime factors of a.
271
Let v(g) = g**3 - 18*g**2 + g - 15. Let p be v(18). List the prime factors of 4 + 4 + (p - 1).
2, 5
List the prime factors of 3 - 10 - (7 - 0 - 2702).
2, 3, 7
Let c(m) = -m - 2. Let z be c(-6). Suppose -z*p + 4 = a, 5*p - 2 = 5*a + 3. Suppose 0 = v - 3*o - 22, 0 = v + 5*o + p - 15. List the prime factors of v.
19
Let u(k) = 6*k**2 + 32*k - 3. What are the prime factors of u(10)?
7, 131
Suppose 494*p + 24 = 497*p. List the prime factors of p.
2
Let j(q) = 3*q**2 + 13*q - 38*q + 0*q**2 + 17*q + 30. What are the prime factors of j(6)?
2, 3, 5
Let r(x) = -x**2 + 5*x - 1. Let f be r(4). Suppose f*h - 13 = 2*k + 25, -41 = -h - 5*k. List the prime factors of ((-66)/4)/((-8)/h).
3, 11
Suppose 0 = m - 270 - 73. List the prime factors of m.
7
Suppose 0 = 5*m - r - 7, 0 = -3*m - m + r + 5. Suppose m*h - 21 = -h + 3*s, 4*h - s = 19. Suppose -h*k + k + 18 = 0. List the prime factors of k.
2, 3
Let y = -330 - -464. Suppose -h - 63 = -2*h + 4*s, 3*h = 2*s + 179. Suppose -2*a - a = -2*l + h, 5*l = 3*a + y. List the prime factors of l.
5
Let x(g) = g**3 - 13*g**2 - 29*g + 14. What are the prime factors of x(15)?
29
Let s = -1238 - -2716. What are the prime factors of s?
2, 739
Let o = -104 + 114. Suppose 524 - 2324 = -o*r. List the prime factors of r.
2, 3, 5
List the prime factors of 4/(-6) - 20531/(-21).
977
Let i(l) = -l**3 - 21*l**2 - l + 15. Let u(y) = -y**3 + 12*y**2 - 12*y - 10. Let h be u(11). List the prime factors of i(h).
2, 3
Suppose -n - c = -61, -21*c = 5*n - 17*c - 301. What are the prime factors of n?
3, 19
Let m = 6 - 10. Let k be m/18 - (-6410)/90. Let f = k + -41. List the prime factors of f.
2, 3, 5
Let v(z) = -13*z + 7. Let y be v(-3). Let k = -31 + y. List the prime factors of k.
3, 5
Let z(v) be the second derivative of v**5/20 - v**4/2 - v**3/6 + 7*v**2 - 27*v. What are the prime factors of z(7)?
2, 7
Suppose 1115 = 5*y - 585. Suppose 17*q - 19*q = -y. List the prime factors of q.
2, 5, 17
Let b(d) be the third derivative of -d**5/60 + 7*d**4/8 - 14*d**3/3 - 8*d**2. Let j be b(19). Let w = j - -23. List the prime factors of w.
3, 11
Suppose 0*k - 2*k = -10. Suppose -8*t = -7*t - 293. Suppose -k*f + t = 3*c, 0 = -3*c - 0 + 3. What are the prime factors of f?
2, 29
Let u(r) = -r + 10. Let w be u(6). Suppose 5*b - 390 - 76 = -w*z, 5*z - b = 568. List the prime factors of z.
2, 3, 19
Let q(u) = u - 6. Let g be q(10). List the prime factors of (g + 2)/(-2) + (95 - -17).
109
Suppose -6 = 5*d + 3*x, 4*x - 5*x + 3 = 0. Let h = d - -71. What are the prime factors of h?
2, 17
Let o = -166 - -324. Suppose -4*k = 4*s - 288, -o = -4*s + k + 120. What are the prime factors of s?
2, 5, 7
Let p(c) = 2*c**2 - 22*c - 85. List the prime factors of p(-10).
5, 67
Suppose -6*f = -9583 + 3697. What are the prime factors of f?
3, 109
Let c be (-3)/(1 + 50/(-65)). List the prime factors of (-2)/c + 4865/65.
3, 5
Suppose -15*a - 1488 + 30873 = 0. List the prime factors of a.
3, 653
Let k(a) = 4*a + 1. Let v be k(1). Suppose 50 = 5*z + v. Let y = z + 5. What are the prime factors of y?
2, 7
Suppose 13 = 6*c + 1. Suppose 3*v - 13 = 7*v - w, 0 = -3*v + c*w - 11. Let i = v + 12. List the prime factors of i.
3
Suppose 0*p + 4*p - 2*r - 484 = 0, 2*p + 4*r - 262 = 0. Suppose -2*m + p = 3*o - 5*m, 0 = 2*o - 3*m - 84. Let n = o + -27. List the prime factors of n.
2, 3
Let z be (-5 - -1)/(4/8). Let j(a) = -2*a - 16. Let c be j(z). Suppose 4*n + c*n = 204. List the prime factors of n.
3, 17
Let q(k) = 11*k**2 + 2*k + 11*k**2 + k**2 + 4*k**2. What are the prime factors of q(-1)?
5
Let x = -403 + 63. Let b = -220 - x. Suppose -2*m - y + 5*y + b = 0, y + 2 = 0. What are the prime factors of m?
2, 7
Let c(t) be the second derivative of t**3/6 + 19*t**2 + 16*t. Let m = -1 - -1. What are the prime factors of c(m)?
2, 19
Let t = 1 + 3. Suppose 0*f + 10 = 2*x + 4*f, -20 = t*x - 2*f. List the prime factors of 60 + 4*(-4 - x).
2, 7
Let y = 24 - 44. Let n be (7/14)/((-2)/y). What are the prime factors of n - (2 + (-3 - 1))?
7
Let d = 1826 + 3739. List the prime factors of d.
3, 5, 7, 53
Suppose 11 = 5*q + 2*t, 2*q = -2*t + 6 - 4. Suppose -q*d + 225 = 2*d. List the prime factors of d.
3, 5
Suppose 0 = 5*d - 4*r + 155, 27 = -d + 2*r - 10. Let l = d - -37. List the prime factors of (-15)/l*92/(-6).
23
Let h(l) = 16*l**2 - 46*l - 112. What are the prime factors of h(-12)?
2, 7
Let o = -1411 - -2173. What are the prime factors of o?
2, 3, 127
Suppose -4*t = 5*o - 439, 0 = -t + 2*o + 53 + 73. Suppose -5*q + 4*y + 312 = 0, -5*q + y + t = -187. What are the prime factors of q?
2, 3, 5
Let z(d) = 951*d**2 - 12*d. List the prime factors of z(1).
3, 313
Suppose -28*v + 25006 = -54430. List the prime factors of 